{"id":286,"date":"2014-10-22T23:46:26","date_gmt":"2014-10-22T22:46:26","guid":{"rendered":"http:\/\/uaportail.fr\/photodemaidan\/?page_id=286"},"modified":"2014-10-30T10:11:39","modified_gmt":"2014-10-30T10:11:39","slug":"partenaires","status":"publish","type":"page","link":"https:\/\/uaportail.fr\/photodemaidan\/partenaires\/","title":{"rendered":"Partenaires"},"content":{"rendered":"<h2>Les organisateurs du projet<\/h2>\n<hr class=\"ttfmake-hr\" style=\"border-style: solid; border-top-width: 1px;\" \/>\n<p><a href=\"https:\/\/www.facebook.com\/spulille\"><img loading=\"lazy\" class=\"alignleft\" src=\"http:\/\/uaportail.fr\/photodemaidan\/wp-content\/uploads\/sites\/3\/2014\/10\/spul.png\" alt=\"\" width=\"126\" height=\"75\" \/><\/a><a title=\"SPUL Facebook\" href=\"https:\/\/www.facebook.com\/spulille\" target=\"_blank\">Association SPUL<br \/>\n<\/a>Soci\u00e9t\u00e9 Photographique des Universit\u00e9s de Lille<br \/>\n<div class=\"su-spacer\" style=\"height:1px\"><\/div>\n<hr class=\"ttfmake-hr\" style=\"border-style: solid; border-top-width: 1px;\" \/>\n<p style=\"text-align: left;\"><a title=\"Relations Internationales\" href=\"http:\/\/ci.univ-lille1.fr\/\"><img loading=\"lazy\" class=\"alignleft wp-image-316 size-medium\" src=\"http:\/\/uaportail.fr\/photodemaidan\/wp-content\/uploads\/sites\/3\/2014\/10\/univ-lille1-ci-300x70.gif\" alt=\"univ-lille1-ci\" width=\"300\" height=\"70\" \/><\/a>Service des<a title=\"Relation Internationales\" href=\"http:\/\/ci.univ-lille1.fr\/\" target=\"_blank\"> relations internationales<\/a>\u00a0de l\u2019Universit\u00e9 de Lille \u2013 Sciences et Technologies<\/p>\n<div class=\"su-spacer\" style=\"height:1px\"><\/div>\n<hr class=\"ttfmake-hr\" style=\"border-style: solid; border-top-width: 1px;\" \/>\n<p><a href=\"http:\/\/uaportail.fr\"><img loading=\"lazy\" class=\"alignleft wp-image-215 size-full\" src=\"http:\/\/uaportail.fr\/photodemaidan\/wp-content\/uploads\/sites\/3\/2014\/10\/PdeU_transparent.png\" alt=\"\" width=\"220\" height=\"68\" \/><\/a><\/p>\n<p style=\"text-align: left;\"><a title=\"Portail de l'Ukraine\" href=\"http:\/\/uaportail.fr\" target=\"_blank\">Association \u00ab Portail de l\u2019Ukraine \u00bb<\/a><\/p>\n<div class=\"su-spacer\" style=\"height:1px\"><\/div>\n<hr class=\"ttfmake-hr\" style=\"border-style: solid; border-top-width: 1px;\" \/>\n<p style=\"text-align: left;\"><a href=\"http:\/\/babylon13.com\/en\/\"><img loading=\"lazy\" class=\"alignleft wp-image-314\" src=\"http:\/\/uaportail.fr\/photodemaidan\/wp-content\/uploads\/sites\/3\/2014\/10\/logo-en-300x133.png\" alt=\"logo-en\" width=\"221\" height=\"107\" \/><\/a><a title=\"Babylon 13\" href=\"http:\/\/babylon13.com\/en\/\" target=\"_blank\">#Babylon 13<\/a> &#8211; Association de metteurs en sc\u00e8ne, cameramen et r\u00e9alisateurs. Projet ukrainien du cin\u00e9ma court-m\u00e9trage documentaire, de fixation de la protestation civile ukrainienne. Pendant l\u2019exposition nous pr\u00e9senterons une s\u00e9rie de documentaires sur les \u00e9v\u00e8nements de Maidan.<\/p>\n<div class=\"su-spacer\" style=\"height:1px\"><\/div>\n<hr class=\"ttfmake-hr\" style=\"border-style: solid; border-top-width: 1px;\" \/>\n<p><a href=\"http:\/\/svitua.org\/\"><img loading=\"lazy\" class=\"alignleft\" title=\"diaspora ukrainienne Stozhary\" src=\"http:\/\/svitua.org\/templates\/sj_worldnews\/images\/logo.png\" alt=\"diaspora ukrainienne Stozhary\" width=\"221\" height=\"47\" \/><\/a><\/p>\n<p>Partenaire m\u00e9dias &#8211; site de la diaspora ukrainienne <a title=\"diaspora ukrainienne Stozhary\" href=\"http:\/\/svitua.org\/\" target=\"_blank\">Stozhary<\/a><\/p>\n","protected":false},"excerpt":{"rendered":"<p>Les organisateurs du projet Association SPUL Soci\u00e9t\u00e9 Photographique des Universit\u00e9s de Lille Service des relations internationales\u00a0de l\u2019Universit\u00e9 de Lille \u2013 Sciences et Technologies Association \u00ab Portail de l\u2019Ukraine \u00bb #Babylon 13 &#8211; Association de metteurs en sc\u00e8ne, cameramen et r\u00e9alisateurs. Projet ukrainien du cin\u00e9ma court-m\u00e9trage documentaire, de fixation de la protestation civile ukrainienne. Pendant l\u2019exposition &hellip;<\/p>\n","protected":false},"author":1,"featured_media":0,"parent":0,"menu_order":0,"comment_status":"closed","ping_status":"open","template":"","meta":[],"yoast_head":"<!-- This site is optimized with the Yoast SEO plugin v19.0 - https:\/\/yoast.com\/wordpress\/plugins\/seo\/ -->\n<title>Partenaires - \u00ab Maidan \u2022 Ukraine \u2022 Europe \u00bb<\/title>\n<meta name=\"robots\" content=\"index, follow, max-snippet:-1, max-image-preview:large, max-video-preview:-1\" \/>\n<link rel=\"canonical\" href=\"https:\/\/uaportail.fr\/photodemaidan\/partenaires\/\" \/>\n<meta property=\"og:locale\" content=\"en_GB\" \/>\n<meta property=\"og:type\" content=\"article\" \/>\n<meta property=\"og:title\" content=\"Partenaires - \u00ab Maidan \u2022 Ukraine \u2022 Europe \u00bb\" \/>\n<meta property=\"og:description\" content=\"Les organisateurs du projet Association SPUL Soci\u00e9t\u00e9 Photographique des Universit\u00e9s de Lille Service des relations internationales\u00a0de l\u2019Universit\u00e9 de Lille \u2013 Sciences et Technologies Association \u00ab Portail de l\u2019Ukraine \u00bb #Babylon 13 &#8211; Association de metteurs en sc\u00e8ne, cameramen et r\u00e9alisateurs. Projet ukrainien du cin\u00e9ma court-m\u00e9trage documentaire, de fixation de la protestation civile ukrainienne. Pendant l\u2019exposition &hellip;\" \/>\n<meta property=\"og:url\" content=\"https:\/\/uaportail.fr\/photodemaidan\/partenaires\/\" \/>\n<meta property=\"og:site_name\" content=\"\u00ab Maidan \u2022 Ukraine \u2022 Europe \u00bb\" \/>\n<meta property=\"article:publisher\" content=\"https:\/\/www.facebook.com\/groups\/uaLille\/\" \/>\n<meta property=\"article:modified_time\" content=\"2014-10-30T10:11:39+00:00\" \/>\n<meta property=\"og:image\" content=\"http:\/\/uaportail.fr\/photodemaidan\/wp-content\/uploads\/sites\/3\/2014\/10\/spul.png\" \/>\n<script type=\"application\/ld+json\" class=\"yoast-schema-graph\">{\"@context\":\"https:\/\/schema.org\",\"@graph\":[{\"@type\":\"WebSite\",\"@id\":\"https:\/\/uaportail.fr\/photodemaidan\/#website\",\"url\":\"https:\/\/uaportail.fr\/photodemaidan\/\",\"name\":\"\u00ab Maidan \u2022 Ukraine \u2022 Europe \u00bb\",\"description\":\"Exposition \u2022 Projection \u2022 Conf\u00e9rence\",\"potentialAction\":[{\"@type\":\"SearchAction\",\"target\":{\"@type\":\"EntryPoint\",\"urlTemplate\":\"https:\/\/uaportail.fr\/photodemaidan\/?s={search_term_string}\"},\"query-input\":\"required name=search_term_string\"}],\"inLanguage\":\"en-GB\"},{\"@type\":\"ImageObject\",\"inLanguage\":\"en-GB\",\"@id\":\"https:\/\/uaportail.fr\/photodemaidan\/partenaires\/#primaryimage\",\"url\":\"http:\/\/uaportail.fr\/photodemaidan\/wp-content\/uploads\/sites\/3\/2014\/10\/spul.png\",\"contentUrl\":\"http:\/\/uaportail.fr\/photodemaidan\/wp-content\/uploads\/sites\/3\/2014\/10\/spul.png\"},{\"@type\":\"WebPage\",\"@id\":\"https:\/\/uaportail.fr\/photodemaidan\/partenaires\/#webpage\",\"url\":\"https:\/\/uaportail.fr\/photodemaidan\/partenaires\/\",\"name\":\"Partenaires - \u00ab Maidan \u2022 Ukraine \u2022 Europe \u00bb\",\"isPartOf\":{\"@id\":\"https:\/\/uaportail.fr\/photodemaidan\/#website\"},\"primaryImageOfPage\":{\"@id\":\"https:\/\/uaportail.fr\/photodemaidan\/partenaires\/#primaryimage\"},\"datePublished\":\"2014-10-22T22:46:26+00:00\",\"dateModified\":\"2014-10-30T10:11:39+00:00\",\"breadcrumb\":{\"@id\":\"https:\/\/uaportail.fr\/photodemaidan\/partenaires\/#breadcrumb\"},\"inLanguage\":\"en-GB\",\"potentialAction\":[{\"@type\":\"ReadAction\",\"target\":[\"https:\/\/uaportail.fr\/photodemaidan\/partenaires\/\"]}]},{\"@type\":\"BreadcrumbList\",\"@id\":\"https:\/\/uaportail.fr\/photodemaidan\/partenaires\/#breadcrumb\",\"itemListElement\":[{\"@type\":\"ListItem\",\"position\":1,\"name\":\"Home\",\"item\":\"https:\/\/uaportail.fr\/photodemaidan\/\"},{\"@type\":\"ListItem\",\"position\":2,\"name\":\"Partenaires\"}]}]}<\/script>\n<!-- \/ Yoast SEO plugin. -->","yoast_head_json":{"title":"Partenaires - \u00ab Maidan \u2022 Ukraine \u2022 Europe \u00bb","robots":{"index":"index","follow":"follow","max-snippet":"max-snippet:-1","max-image-preview":"max-image-preview:large","max-video-preview":"max-video-preview:-1"},"canonical":"https:\/\/uaportail.fr\/photodemaidan\/partenaires\/","og_locale":"en_GB","og_type":"article","og_title":"Partenaires - \u00ab Maidan \u2022 Ukraine \u2022 Europe \u00bb","og_description":"Les organisateurs du projet Association SPUL Soci\u00e9t\u00e9 Photographique des Universit\u00e9s de Lille Service des relations internationales\u00a0de l\u2019Universit\u00e9 de Lille \u2013 Sciences et Technologies Association \u00ab Portail de l\u2019Ukraine \u00bb #Babylon 13 &#8211; Association de metteurs en sc\u00e8ne, cameramen et r\u00e9alisateurs. Projet ukrainien du cin\u00e9ma court-m\u00e9trage documentaire, de fixation de la protestation civile ukrainienne. Pendant l\u2019exposition &hellip;","og_url":"https:\/\/uaportail.fr\/photodemaidan\/partenaires\/","og_site_name":"\u00ab Maidan \u2022 Ukraine \u2022 Europe \u00bb","article_publisher":"https:\/\/www.facebook.com\/groups\/uaLille\/","article_modified_time":"2014-10-30T10:11:39+00:00","og_image":[{"url":"http:\/\/uaportail.fr\/photodemaidan\/wp-content\/uploads\/sites\/3\/2014\/10\/spul.png"}],"schema":{"@context":"https:\/\/schema.org","@graph":[{"@type":"WebSite","@id":"https:\/\/uaportail.fr\/photodemaidan\/#website","url":"https:\/\/uaportail.fr\/photodemaidan\/","name":"\u00ab Maidan \u2022 Ukraine \u2022 Europe \u00bb","description":"Exposition \u2022 Projection \u2022 Conf\u00e9rence","potentialAction":[{"@type":"SearchAction","target":{"@type":"EntryPoint","urlTemplate":"https:\/\/uaportail.fr\/photodemaidan\/?s={search_term_string}"},"query-input":"required name=search_term_string"}],"inLanguage":"en-GB"},{"@type":"ImageObject","inLanguage":"en-GB","@id":"https:\/\/uaportail.fr\/photodemaidan\/partenaires\/#primaryimage","url":"http:\/\/uaportail.fr\/photodemaidan\/wp-content\/uploads\/sites\/3\/2014\/10\/spul.png","contentUrl":"http:\/\/uaportail.fr\/photodemaidan\/wp-content\/uploads\/sites\/3\/2014\/10\/spul.png"},{"@type":"WebPage","@id":"https:\/\/uaportail.fr\/photodemaidan\/partenaires\/#webpage","url":"https:\/\/uaportail.fr\/photodemaidan\/partenaires\/","name":"Partenaires - \u00ab Maidan \u2022 Ukraine \u2022 Europe \u00bb","isPartOf":{"@id":"https:\/\/uaportail.fr\/photodemaidan\/#website"},"primaryImageOfPage":{"@id":"https:\/\/uaportail.fr\/photodemaidan\/partenaires\/#primaryimage"},"datePublished":"2014-10-22T22:46:26+00:00","dateModified":"2014-10-30T10:11:39+00:00","breadcrumb":{"@id":"https:\/\/uaportail.fr\/photodemaidan\/partenaires\/#breadcrumb"},"inLanguage":"en-GB","potentialAction":[{"@type":"ReadAction","target":["https:\/\/uaportail.fr\/photodemaidan\/partenaires\/"]}]},{"@type":"BreadcrumbList","@id":"https:\/\/uaportail.fr\/photodemaidan\/partenaires\/#breadcrumb","itemListElement":[{"@type":"ListItem","position":1,"name":"Home","item":"https:\/\/uaportail.fr\/photodemaidan\/"},{"@type":"ListItem","position":2,"name":"Partenaires"}]}]}},"_links":{"self":[{"href":"https:\/\/uaportail.fr\/photodemaidan\/wp-json\/wp\/v2\/pages\/286"}],"collection":[{"href":"https:\/\/uaportail.fr\/photodemaidan\/wp-json\/wp\/v2\/pages"}],"about":[{"href":"https:\/\/uaportail.fr\/photodemaidan\/wp-json\/wp\/v2\/types\/page"}],"author":[{"embeddable":true,"href":"https:\/\/uaportail.fr\/photodemaidan\/wp-json\/wp\/v2\/users\/1"}],"replies":[{"embeddable":true,"href":"https:\/\/uaportail.fr\/photodemaidan\/wp-json\/wp\/v2\/comments?post=286"}],"version-history":[{"count":0,"href":"https:\/\/uaportail.fr\/photodemaidan\/wp-json\/wp\/v2\/pages\/286\/revisions"}],"wp:attachment":[{"href":"https:\/\/uaportail.fr\/photodemaidan\/wp-json\/wp\/v2\/media?parent=286"}],"curies":[{"name":"wp","href":"https:\/\/api.w.org\/{rel}","templated":true}]}}