{"id":244,"date":"2014-10-22T23:17:01","date_gmt":"2014-10-22T22:17:01","guid":{"rendered":"http:\/\/uaportail.fr\/photodemaidan\/?page_id=244"},"modified":"2015-04-08T05:27:23","modified_gmt":"2015-04-08T04:27:23","slug":"exposition","status":"publish","type":"page","link":"https:\/\/uaportail.fr\/photodemaidan\/exposition\/","title":{"rendered":"Exposition"},"content":{"rendered":"<h2>3 novembre \u00ab Expliquer \u00bb<\/h2>\n<p><a href=\"http:\/\/uaportail.fr\/photodemaidan\/wp-content\/uploads\/sites\/3\/2014\/10\/expo_Maidan.jpg\"><img loading=\"lazy\" class=\"alignleft size-thumbnail wp-image-232\" src=\"http:\/\/uaportail.fr\/photodemaidan\/wp-content\/uploads\/sites\/3\/2014\/10\/expo_Maidan-150x150.jpg\" alt=\"expo_Maidan\" width=\"150\" height=\"150\" \/><\/a><\/p>\n<ul>\n<li><strong>Vernissage<\/strong> et <strong>ouverture<\/strong> de l\u2019exposition<\/li>\n<li><strong>Projection de courts-m\u00e9trages<\/strong> r\u00e9alis\u00e9s par le studio ukrainien <a title=\"babylon13\" href=\"http:\/\/babylon13.com\/en\/\" target=\"_blank\"><strong>Babylon 13<\/strong><\/a>.<\/li>\n<li>Intervention de <a title=\"Mariia Ponomarova\" href=\"https:\/\/www.facebook.com\/pponomarevaa\" target=\"_blank\"><strong>Maria Ponomarova<\/strong><\/a>, r\u00e9alisatrice, sous forme de questions\/d\u00e9bats.<\/li>\n<\/ul>\n<p style=\"text-align: left;\"><strong>Lieu<\/strong>:\u00a0Caf\u00e9 de l&#8217;<strong>Espace Culture<\/strong>,<br \/>\nUniversit\u00e9 de Lille\u00a0\u2013 Sciences et Technologies<br \/>\n<strong>de 18h30 \u00e0 20h00<\/strong>.<\/p>\n<h2>&gt;\u00a0Du 3 novembre\u00a0au 26 novembre \u00ab Montrer \u00bb<\/h2>\n<p><strong>Exposition<\/strong> permanente de <strong>38 photos<\/strong> propos\u00e9es par 4 photographes ukrainiens<br \/>\n(<strong>Alex Zakletsky, Hanna Hrabarska, Sergii Morgunov, Mykhaylo Petyakh<\/strong>),<br \/>\nt\u00e9moins directs du quotidien des ukrainiens pendant les \u00e9v\u00e9nements de Ma\u00efdan.<\/p>\n<h2>Photographes<\/h2>\n<div class=\"su-row\"><div class=\"su-column su-column-size-1-4\"><div class=\"su-column-inner su-u-clearfix su-u-trim\"><img loading=\"lazy\" class=\"alignleft wp-image-320 size-thumbnail\" src=\"http:\/\/uaportail.fr\/photodemaidan\/wp-content\/uploads\/sites\/3\/2014\/10\/hanna-hrabarska-150x150.jpg\" alt=\"hanna hrabarska\" width=\"150\" height=\"150\" \/><strong>Hanna Hrabarska<\/strong><\/div><\/div>\n<div class=\"su-column su-column-size-1-4\"><div class=\"su-column-inner su-u-clearfix su-u-trim\"><a href=\"http:\/\/uaportail.fr\/photodemaidan\/wp-content\/uploads\/sites\/3\/2014\/10\/alex-zakletsky.jpg\"><img loading=\"lazy\" class=\"alignleft wp-image-319 size-thumbnail\" src=\"http:\/\/uaportail.fr\/photodemaidan\/wp-content\/uploads\/sites\/3\/2014\/10\/alex-zakletsky-150x150.jpg\" alt=\"alex zakletsky\" width=\"150\" height=\"150\" \/><\/a><strong>Alex Zakletsky<\/strong><\/div><\/div>\n<div class=\"su-column su-column-size-1-4\"><div class=\"su-column-inner su-u-clearfix su-u-trim\"><img loading=\"lazy\" class=\"alignleft wp-image-322 size-thumbnail\" src=\"http:\/\/uaportail.fr\/photodemaidan\/wp-content\/uploads\/sites\/3\/2014\/10\/sergii-morgunov-150x150.jpg\" alt=\"sergii morgunov\" width=\"150\" height=\"150\" \/><strong>Sergii Morgunov<\/strong><\/div><\/div>\n<div class=\"su-column su-column-size-1-4\"><div class=\"su-column-inner su-u-clearfix su-u-trim\"><img loading=\"lazy\" class=\"alignleft wp-image-321 size-thumbnail\" src=\"http:\/\/uaportail.fr\/photodemaidan\/wp-content\/uploads\/sites\/3\/2014\/10\/mykhaylo-petyakh-150x150.jpg\" alt=\"mykhaylo petyakh\" width=\"150\" height=\"150\" \/><strong>Mykhaylo Petyakh<\/strong><\/div><\/div><\/div>\n","protected":false},"excerpt":{"rendered":"<p>3 novembre \u00ab Expliquer \u00bb Vernissage et ouverture de l\u2019exposition Projection de courts-m\u00e9trages r\u00e9alis\u00e9s par le studio ukrainien Babylon 13. Intervention de Maria Ponomarova, r\u00e9alisatrice, sous forme de questions\/d\u00e9bats. Lieu:\u00a0Caf\u00e9 de l&#8217;Espace Culture, Universit\u00e9 de Lille\u00a0\u2013 Sciences et Technologies de 18h30 \u00e0 20h00. &gt;\u00a0Du 3 novembre\u00a0au 26 novembre \u00ab Montrer \u00bb Exposition permanente de 38 &hellip;<\/p>\n","protected":false},"author":1,"featured_media":0,"parent":0,"menu_order":0,"comment_status":"closed","ping_status":"closed","template":"","meta":[],"yoast_head":"<!-- This site is optimized with the Yoast SEO plugin v19.0 - https:\/\/yoast.com\/wordpress\/plugins\/seo\/ -->\n<title>Exposition - \u00ab Maidan \u2022 Ukraine \u2022 Europe \u00bb<\/title>\n<meta name=\"robots\" content=\"index, follow, max-snippet:-1, max-image-preview:large, max-video-preview:-1\" \/>\n<link rel=\"canonical\" href=\"https:\/\/uaportail.fr\/photodemaidan\/exposition\/\" \/>\n<meta property=\"og:locale\" content=\"en_GB\" \/>\n<meta property=\"og:type\" content=\"article\" \/>\n<meta property=\"og:title\" content=\"Exposition - \u00ab Maidan \u2022 Ukraine \u2022 Europe \u00bb\" \/>\n<meta property=\"og:description\" content=\"3 novembre \u00ab Expliquer \u00bb Vernissage et ouverture de l\u2019exposition Projection de courts-m\u00e9trages r\u00e9alis\u00e9s par le studio ukrainien Babylon 13. Intervention de Maria Ponomarova, r\u00e9alisatrice, sous forme de questions\/d\u00e9bats. Lieu:\u00a0Caf\u00e9 de l&#8217;Espace Culture, Universit\u00e9 de Lille\u00a0\u2013 Sciences et Technologies de 18h30 \u00e0 20h00. &gt;\u00a0Du 3 novembre\u00a0au 26 novembre \u00ab Montrer \u00bb Exposition permanente de 38 &hellip;\" \/>\n<meta property=\"og:url\" content=\"https:\/\/uaportail.fr\/photodemaidan\/exposition\/\" \/>\n<meta property=\"og:site_name\" content=\"\u00ab Maidan \u2022 Ukraine \u2022 Europe \u00bb\" \/>\n<meta property=\"article:publisher\" content=\"https:\/\/www.facebook.com\/groups\/uaLille\/\" \/>\n<meta property=\"article:modified_time\" content=\"2015-04-08T04:27:23+00:00\" \/>\n<meta property=\"og:image\" content=\"http:\/\/uaportail.fr\/photodemaidan\/wp-content\/uploads\/sites\/3\/2014\/10\/expo_Maidan-150x150.jpg\" \/>\n<meta name=\"twitter:label1\" content=\"Estimated reading time\" \/>\n\t<meta name=\"twitter:data1\" content=\"1 minute\" \/>\n<script type=\"application\/ld+json\" class=\"yoast-schema-graph\">{\"@context\":\"https:\/\/schema.org\",\"@graph\":[{\"@type\":\"WebSite\",\"@id\":\"https:\/\/uaportail.fr\/photodemaidan\/#website\",\"url\":\"https:\/\/uaportail.fr\/photodemaidan\/\",\"name\":\"\u00ab Maidan \u2022 Ukraine \u2022 Europe \u00bb\",\"description\":\"Exposition \u2022 Projection \u2022 Conf\u00e9rence\",\"potentialAction\":[{\"@type\":\"SearchAction\",\"target\":{\"@type\":\"EntryPoint\",\"urlTemplate\":\"https:\/\/uaportail.fr\/photodemaidan\/?s={search_term_string}\"},\"query-input\":\"required name=search_term_string\"}],\"inLanguage\":\"en-GB\"},{\"@type\":\"ImageObject\",\"inLanguage\":\"en-GB\",\"@id\":\"https:\/\/uaportail.fr\/photodemaidan\/exposition\/#primaryimage\",\"url\":\"http:\/\/uaportail.fr\/photodemaidan\/wp-content\/uploads\/sites\/3\/2014\/10\/expo_Maidan-150x150.jpg\",\"contentUrl\":\"http:\/\/uaportail.fr\/photodemaidan\/wp-content\/uploads\/sites\/3\/2014\/10\/expo_Maidan-150x150.jpg\"},{\"@type\":\"WebPage\",\"@id\":\"https:\/\/uaportail.fr\/photodemaidan\/exposition\/#webpage\",\"url\":\"https:\/\/uaportail.fr\/photodemaidan\/exposition\/\",\"name\":\"Exposition - \u00ab Maidan \u2022 Ukraine \u2022 Europe \u00bb\",\"isPartOf\":{\"@id\":\"https:\/\/uaportail.fr\/photodemaidan\/#website\"},\"primaryImageOfPage\":{\"@id\":\"https:\/\/uaportail.fr\/photodemaidan\/exposition\/#primaryimage\"},\"datePublished\":\"2014-10-22T22:17:01+00:00\",\"dateModified\":\"2015-04-08T04:27:23+00:00\",\"breadcrumb\":{\"@id\":\"https:\/\/uaportail.fr\/photodemaidan\/exposition\/#breadcrumb\"},\"inLanguage\":\"en-GB\",\"potentialAction\":[{\"@type\":\"ReadAction\",\"target\":[\"https:\/\/uaportail.fr\/photodemaidan\/exposition\/\"]}]},{\"@type\":\"BreadcrumbList\",\"@id\":\"https:\/\/uaportail.fr\/photodemaidan\/exposition\/#breadcrumb\",\"itemListElement\":[{\"@type\":\"ListItem\",\"position\":1,\"name\":\"Home\",\"item\":\"https:\/\/uaportail.fr\/photodemaidan\/\"},{\"@type\":\"ListItem\",\"position\":2,\"name\":\"Exposition\"}]}]}<\/script>\n<!-- \/ Yoast SEO plugin. -->","yoast_head_json":{"title":"Exposition - \u00ab Maidan \u2022 Ukraine \u2022 Europe \u00bb","robots":{"index":"index","follow":"follow","max-snippet":"max-snippet:-1","max-image-preview":"max-image-preview:large","max-video-preview":"max-video-preview:-1"},"canonical":"https:\/\/uaportail.fr\/photodemaidan\/exposition\/","og_locale":"en_GB","og_type":"article","og_title":"Exposition - \u00ab Maidan \u2022 Ukraine \u2022 Europe \u00bb","og_description":"3 novembre \u00ab Expliquer \u00bb Vernissage et ouverture de l\u2019exposition Projection de courts-m\u00e9trages r\u00e9alis\u00e9s par le studio ukrainien Babylon 13. Intervention de Maria Ponomarova, r\u00e9alisatrice, sous forme de questions\/d\u00e9bats. Lieu:\u00a0Caf\u00e9 de l&#8217;Espace Culture, Universit\u00e9 de Lille\u00a0\u2013 Sciences et Technologies de 18h30 \u00e0 20h00. &gt;\u00a0Du 3 novembre\u00a0au 26 novembre \u00ab Montrer \u00bb Exposition permanente de 38 &hellip;","og_url":"https:\/\/uaportail.fr\/photodemaidan\/exposition\/","og_site_name":"\u00ab Maidan \u2022 Ukraine \u2022 Europe \u00bb","article_publisher":"https:\/\/www.facebook.com\/groups\/uaLille\/","article_modified_time":"2015-04-08T04:27:23+00:00","og_image":[{"url":"http:\/\/uaportail.fr\/photodemaidan\/wp-content\/uploads\/sites\/3\/2014\/10\/expo_Maidan-150x150.jpg"}],"twitter_misc":{"Estimated reading time":"1 minute"},"schema":{"@context":"https:\/\/schema.org","@graph":[{"@type":"WebSite","@id":"https:\/\/uaportail.fr\/photodemaidan\/#website","url":"https:\/\/uaportail.fr\/photodemaidan\/","name":"\u00ab Maidan \u2022 Ukraine \u2022 Europe \u00bb","description":"Exposition \u2022 Projection \u2022 Conf\u00e9rence","potentialAction":[{"@type":"SearchAction","target":{"@type":"EntryPoint","urlTemplate":"https:\/\/uaportail.fr\/photodemaidan\/?s={search_term_string}"},"query-input":"required name=search_term_string"}],"inLanguage":"en-GB"},{"@type":"ImageObject","inLanguage":"en-GB","@id":"https:\/\/uaportail.fr\/photodemaidan\/exposition\/#primaryimage","url":"http:\/\/uaportail.fr\/photodemaidan\/wp-content\/uploads\/sites\/3\/2014\/10\/expo_Maidan-150x150.jpg","contentUrl":"http:\/\/uaportail.fr\/photodemaidan\/wp-content\/uploads\/sites\/3\/2014\/10\/expo_Maidan-150x150.jpg"},{"@type":"WebPage","@id":"https:\/\/uaportail.fr\/photodemaidan\/exposition\/#webpage","url":"https:\/\/uaportail.fr\/photodemaidan\/exposition\/","name":"Exposition - \u00ab Maidan \u2022 Ukraine \u2022 Europe \u00bb","isPartOf":{"@id":"https:\/\/uaportail.fr\/photodemaidan\/#website"},"primaryImageOfPage":{"@id":"https:\/\/uaportail.fr\/photodemaidan\/exposition\/#primaryimage"},"datePublished":"2014-10-22T22:17:01+00:00","dateModified":"2015-04-08T04:27:23+00:00","breadcrumb":{"@id":"https:\/\/uaportail.fr\/photodemaidan\/exposition\/#breadcrumb"},"inLanguage":"en-GB","potentialAction":[{"@type":"ReadAction","target":["https:\/\/uaportail.fr\/photodemaidan\/exposition\/"]}]},{"@type":"BreadcrumbList","@id":"https:\/\/uaportail.fr\/photodemaidan\/exposition\/#breadcrumb","itemListElement":[{"@type":"ListItem","position":1,"name":"Home","item":"https:\/\/uaportail.fr\/photodemaidan\/"},{"@type":"ListItem","position":2,"name":"Exposition"}]}]}},"_links":{"self":[{"href":"https:\/\/uaportail.fr\/photodemaidan\/wp-json\/wp\/v2\/pages\/244"}],"collection":[{"href":"https:\/\/uaportail.fr\/photodemaidan\/wp-json\/wp\/v2\/pages"}],"about":[{"href":"https:\/\/uaportail.fr\/photodemaidan\/wp-json\/wp\/v2\/types\/page"}],"author":[{"embeddable":true,"href":"https:\/\/uaportail.fr\/photodemaidan\/wp-json\/wp\/v2\/users\/1"}],"replies":[{"embeddable":true,"href":"https:\/\/uaportail.fr\/photodemaidan\/wp-json\/wp\/v2\/comments?post=244"}],"version-history":[{"count":1,"href":"https:\/\/uaportail.fr\/photodemaidan\/wp-json\/wp\/v2\/pages\/244\/revisions"}],"predecessor-version":[{"id":425,"href":"https:\/\/uaportail.fr\/photodemaidan\/wp-json\/wp\/v2\/pages\/244\/revisions\/425"}],"wp:attachment":[{"href":"https:\/\/uaportail.fr\/photodemaidan\/wp-json\/wp\/v2\/media?parent=244"}],"curies":[{"name":"wp","href":"https:\/\/api.w.org\/{rel}","templated":true}]}}