{"id":153,"date":"2014-10-06T19:57:50","date_gmt":"2014-10-06T18:57:50","guid":{"rendered":"http:\/\/uaportail.fr\/photodemaidan\/?page_id=153"},"modified":"2014-10-25T16:32:27","modified_gmt":"2014-10-25T15:32:27","slug":"about","status":"publish","type":"page","link":"https:\/\/uaportail.fr\/photodemaidan\/about\/","title":{"rendered":"About"},"content":{"rendered":"<p>Organis\u00e9 en \u00e9troite collaboration par les associations <strong>SPUL<\/strong> (Soci\u00e9t\u00e9 Photographique des Universit\u00e9s de Lille) et \u00ab<strong>Portail de l\u2019Ukraine<\/strong>\u00bb, aux c\u00f4t\u00e9s du <strong>Service des Relations Internationales de l\u2019Universit\u00e9 de Lille \u2013 Sciences et Technologies<\/strong>, l\u2019\u00e9v\u00e9nement s&#8217;articule autour de trois grands axes : <strong>montrer<\/strong> aux \u00e9tudiants le mouvement citoyen de l\u2019Ukraine du point de vue artistique et faire d\u00e9couvrir la place de l\u2019expression artistique dans ce mouvement,<strong> expliquer<\/strong> les origines des \u00e9v\u00e9nements de fin 2013 \u00e0 d\u00e9but 2014 en Ukraine et<strong> engager une discussion<\/strong> sur la situation actuelle en Ukraine, sa place en Europe et la prise de conscience de l&#8217;individu au travers des \u00e9v\u00e8nements qui changent la soci\u00e9t\u00e9 Ukrainienne.<\/p>\n<h2>Ma\u00efdan :\u00a0une place\u00a0devenue symbole<\/h2>\n<p><a href=\"http:\/\/uaportail.fr\/photodemaidan\/wp-content\/uploads\/sites\/3\/2014\/10\/conf_Ukraine.jpg\"><img loading=\"lazy\" class=\"alignleft wp-image-228 size-medium\" src=\"http:\/\/uaportail.fr\/photodemaidan\/wp-content\/uploads\/sites\/3\/2014\/10\/conf_Ukraine-300x199.jpg\" alt=\"Maidan_Ukraine\" width=\"300\" height=\"199\" srcset=\"https:\/\/uaportail.fr\/photodemaidan\/wp-content\/uploads\/sites\/3\/2014\/10\/conf_Ukraine-300x199.jpg 300w, https:\/\/uaportail.fr\/photodemaidan\/wp-content\/uploads\/sites\/3\/2014\/10\/conf_Ukraine.jpg 960w\" sizes=\"(max-width: 300px) 100vw, 300px\" \/><\/a>En novembre 2013, les \u00e9tudiants protestent sur la place Ma\u00efdan, la place centrale de Kiev, Capitale de l\u2019Ukraine. Quelques temps plus tard, ce sont des centaines de milliers de personnes qui s\u2019y rassemblent pendant les 3 mois d\u2019un hiver 2013 glac\u00e9, au nom des droits de l\u2019homme et de la libert\u00e9, et malgr\u00e9 l\u2019oppression et la violence.<br \/>\nAujourd\u2019hui, l\u2019histoire n\u2019est pas termin\u00e9e, et plus qu\u2019un nom de place, Ma\u00efdan est devenu un nom propre, synonyme de revendication, d\u2019ind\u00e9pendance et de libert\u00e9. Pour les Ukrainiens, c\u2019est l\u2019endroit qui a mat\u00e9rialis\u00e9 le d\u00e9but de leur union, dans laquelle de simples citoyens ont trouv\u00e9 la possibilit\u00e9 de faire conna\u00eetre leur position et de la porter ensemble.<br \/>\nL\u2019exposition a pour unique objectif de montrer les \u00e9v\u00e8nements qui se sont d\u00e9roul\u00e9s sur Ma\u00efdan, sans arri\u00e8re-pens\u00e9e politique, \u00e0 travers le visage des acteurs qui ont men\u00e9 cette r\u00e9volution, leur solidarit\u00e9, et le soutien de la population de Kiev et des autres r\u00e9gions. Les photographes souhaitent faire ressentir l\u2019atmosph\u00e8re de solidarit\u00e9, d\u2019inspiration et de foi sans faille qui \u00e9manaient de Ma\u00efdan et surtout, ce sentiment d\u2019avoir, entre ses mains, la possibilit\u00e9 de changer son futur et celui de son pays.<br \/>\nSur les photos, le public pourra apercevoir le visage d\u2019\u00e9tudiants, de personnes \u00e2g\u00e9es, d\u2019enfants, d\u2019hommes et de femmes&#8230; De chefs d\u2019entreprise, de professeurs, de paysans, de politiques, d\u2019artistes\u2026 tous c\u00f4te-\u00e0-c\u00f4te et \u00e0 \u00e9galit\u00e9 pour une m\u00eame id\u00e9e.<br \/>\nMa\u00efdan, ce sont aussi des Ukrainiens russophones et ukra\u00efnophones au coude \u00e0 coude sur les barricades&#8230; o\u00f9 certains y ont laiss\u00e9 leur vie. Leur courage est maintenant \u00e9ternellement \u00e9crit sur la liste des \u00abcenturie du ciel\u00bb &#8211; une liste des 106 personnes tu\u00e9es pour leurs id\u00e9es \u00e0 Ma\u00efdan entre d\u00e9cembre 2013 et f\u00e9vrier 2014.<\/p>\n","protected":false},"excerpt":{"rendered":"<p>Organis\u00e9 en \u00e9troite collaboration par les associations SPUL (Soci\u00e9t\u00e9 Photographique des Universit\u00e9s de Lille) et \u00abPortail de l\u2019Ukraine\u00bb, aux c\u00f4t\u00e9s du Service des Relations Internationales de l\u2019Universit\u00e9 de Lille \u2013 Sciences et Technologies, l\u2019\u00e9v\u00e9nement s&#8217;articule autour de trois grands axes : montrer aux \u00e9tudiants le mouvement citoyen de l\u2019Ukraine du point de vue artistique et &hellip;<\/p>\n","protected":false},"author":1,"featured_media":0,"parent":0,"menu_order":0,"comment_status":"closed","ping_status":"closed","template":"","meta":[],"yoast_head":"<!-- This site is optimized with the Yoast SEO plugin v19.0 - https:\/\/yoast.com\/wordpress\/plugins\/seo\/ -->\n<title>About - \u00ab Maidan \u2022 Ukraine \u2022 Europe \u00bb<\/title>\n<meta name=\"robots\" content=\"index, follow, max-snippet:-1, max-image-preview:large, max-video-preview:-1\" \/>\n<link rel=\"canonical\" href=\"https:\/\/uaportail.fr\/photodemaidan\/about\/\" \/>\n<meta property=\"og:locale\" content=\"en_GB\" \/>\n<meta property=\"og:type\" content=\"article\" \/>\n<meta property=\"og:title\" content=\"About - \u00ab Maidan \u2022 Ukraine \u2022 Europe \u00bb\" \/>\n<meta property=\"og:description\" content=\"Organis\u00e9 en \u00e9troite collaboration par les associations SPUL (Soci\u00e9t\u00e9 Photographique des Universit\u00e9s de Lille) et \u00abPortail de l\u2019Ukraine\u00bb, aux c\u00f4t\u00e9s du Service des Relations Internationales de l\u2019Universit\u00e9 de Lille \u2013 Sciences et Technologies, l\u2019\u00e9v\u00e9nement s&#8217;articule autour de trois grands axes : montrer aux \u00e9tudiants le mouvement citoyen de l\u2019Ukraine du point de vue artistique et &hellip;\" \/>\n<meta property=\"og:url\" content=\"https:\/\/uaportail.fr\/photodemaidan\/about\/\" \/>\n<meta property=\"og:site_name\" content=\"\u00ab Maidan \u2022 Ukraine \u2022 Europe \u00bb\" \/>\n<meta property=\"article:publisher\" content=\"https:\/\/www.facebook.com\/groups\/uaLille\/\" \/>\n<meta property=\"article:modified_time\" content=\"2014-10-25T15:32:27+00:00\" \/>\n<meta property=\"og:image\" content=\"http:\/\/uaportail.fr\/photodemaidan\/wp-content\/uploads\/sites\/3\/2014\/10\/conf_Ukraine-300x199.jpg\" \/>\n<meta name=\"twitter:label1\" content=\"Estimated reading time\" \/>\n\t<meta name=\"twitter:data1\" content=\"2 minutes\" \/>\n<script type=\"application\/ld+json\" class=\"yoast-schema-graph\">{\"@context\":\"https:\/\/schema.org\",\"@graph\":[{\"@type\":\"WebSite\",\"@id\":\"https:\/\/uaportail.fr\/photodemaidan\/#website\",\"url\":\"https:\/\/uaportail.fr\/photodemaidan\/\",\"name\":\"\u00ab Maidan \u2022 Ukraine \u2022 Europe \u00bb\",\"description\":\"Exposition \u2022 Projection \u2022 Conf\u00e9rence\",\"potentialAction\":[{\"@type\":\"SearchAction\",\"target\":{\"@type\":\"EntryPoint\",\"urlTemplate\":\"https:\/\/uaportail.fr\/photodemaidan\/?s={search_term_string}\"},\"query-input\":\"required name=search_term_string\"}],\"inLanguage\":\"en-GB\"},{\"@type\":\"ImageObject\",\"inLanguage\":\"en-GB\",\"@id\":\"https:\/\/uaportail.fr\/photodemaidan\/about\/#primaryimage\",\"url\":\"http:\/\/uaportail.fr\/photodemaidan\/wp-content\/uploads\/sites\/3\/2014\/10\/conf_Ukraine-300x199.jpg\",\"contentUrl\":\"http:\/\/uaportail.fr\/photodemaidan\/wp-content\/uploads\/sites\/3\/2014\/10\/conf_Ukraine-300x199.jpg\"},{\"@type\":\"WebPage\",\"@id\":\"https:\/\/uaportail.fr\/photodemaidan\/about\/#webpage\",\"url\":\"https:\/\/uaportail.fr\/photodemaidan\/about\/\",\"name\":\"About - \u00ab Maidan \u2022 Ukraine \u2022 Europe \u00bb\",\"isPartOf\":{\"@id\":\"https:\/\/uaportail.fr\/photodemaidan\/#website\"},\"primaryImageOfPage\":{\"@id\":\"https:\/\/uaportail.fr\/photodemaidan\/about\/#primaryimage\"},\"datePublished\":\"2014-10-06T18:57:50+00:00\",\"dateModified\":\"2014-10-25T15:32:27+00:00\",\"breadcrumb\":{\"@id\":\"https:\/\/uaportail.fr\/photodemaidan\/about\/#breadcrumb\"},\"inLanguage\":\"en-GB\",\"potentialAction\":[{\"@type\":\"ReadAction\",\"target\":[\"https:\/\/uaportail.fr\/photodemaidan\/about\/\"]}]},{\"@type\":\"BreadcrumbList\",\"@id\":\"https:\/\/uaportail.fr\/photodemaidan\/about\/#breadcrumb\",\"itemListElement\":[{\"@type\":\"ListItem\",\"position\":1,\"name\":\"Home\",\"item\":\"https:\/\/uaportail.fr\/photodemaidan\/\"},{\"@type\":\"ListItem\",\"position\":2,\"name\":\"About\"}]}]}<\/script>\n<!-- \/ Yoast SEO plugin. -->","yoast_head_json":{"title":"About - \u00ab Maidan \u2022 Ukraine \u2022 Europe \u00bb","robots":{"index":"index","follow":"follow","max-snippet":"max-snippet:-1","max-image-preview":"max-image-preview:large","max-video-preview":"max-video-preview:-1"},"canonical":"https:\/\/uaportail.fr\/photodemaidan\/about\/","og_locale":"en_GB","og_type":"article","og_title":"About - \u00ab Maidan \u2022 Ukraine \u2022 Europe \u00bb","og_description":"Organis\u00e9 en \u00e9troite collaboration par les associations SPUL (Soci\u00e9t\u00e9 Photographique des Universit\u00e9s de Lille) et \u00abPortail de l\u2019Ukraine\u00bb, aux c\u00f4t\u00e9s du Service des Relations Internationales de l\u2019Universit\u00e9 de Lille \u2013 Sciences et Technologies, l\u2019\u00e9v\u00e9nement s&#8217;articule autour de trois grands axes : montrer aux \u00e9tudiants le mouvement citoyen de l\u2019Ukraine du point de vue artistique et &hellip;","og_url":"https:\/\/uaportail.fr\/photodemaidan\/about\/","og_site_name":"\u00ab Maidan \u2022 Ukraine \u2022 Europe \u00bb","article_publisher":"https:\/\/www.facebook.com\/groups\/uaLille\/","article_modified_time":"2014-10-25T15:32:27+00:00","og_image":[{"url":"http:\/\/uaportail.fr\/photodemaidan\/wp-content\/uploads\/sites\/3\/2014\/10\/conf_Ukraine-300x199.jpg"}],"twitter_misc":{"Estimated reading time":"2 minutes"},"schema":{"@context":"https:\/\/schema.org","@graph":[{"@type":"WebSite","@id":"https:\/\/uaportail.fr\/photodemaidan\/#website","url":"https:\/\/uaportail.fr\/photodemaidan\/","name":"\u00ab Maidan \u2022 Ukraine \u2022 Europe \u00bb","description":"Exposition \u2022 Projection \u2022 Conf\u00e9rence","potentialAction":[{"@type":"SearchAction","target":{"@type":"EntryPoint","urlTemplate":"https:\/\/uaportail.fr\/photodemaidan\/?s={search_term_string}"},"query-input":"required name=search_term_string"}],"inLanguage":"en-GB"},{"@type":"ImageObject","inLanguage":"en-GB","@id":"https:\/\/uaportail.fr\/photodemaidan\/about\/#primaryimage","url":"http:\/\/uaportail.fr\/photodemaidan\/wp-content\/uploads\/sites\/3\/2014\/10\/conf_Ukraine-300x199.jpg","contentUrl":"http:\/\/uaportail.fr\/photodemaidan\/wp-content\/uploads\/sites\/3\/2014\/10\/conf_Ukraine-300x199.jpg"},{"@type":"WebPage","@id":"https:\/\/uaportail.fr\/photodemaidan\/about\/#webpage","url":"https:\/\/uaportail.fr\/photodemaidan\/about\/","name":"About - \u00ab Maidan \u2022 Ukraine \u2022 Europe \u00bb","isPartOf":{"@id":"https:\/\/uaportail.fr\/photodemaidan\/#website"},"primaryImageOfPage":{"@id":"https:\/\/uaportail.fr\/photodemaidan\/about\/#primaryimage"},"datePublished":"2014-10-06T18:57:50+00:00","dateModified":"2014-10-25T15:32:27+00:00","breadcrumb":{"@id":"https:\/\/uaportail.fr\/photodemaidan\/about\/#breadcrumb"},"inLanguage":"en-GB","potentialAction":[{"@type":"ReadAction","target":["https:\/\/uaportail.fr\/photodemaidan\/about\/"]}]},{"@type":"BreadcrumbList","@id":"https:\/\/uaportail.fr\/photodemaidan\/about\/#breadcrumb","itemListElement":[{"@type":"ListItem","position":1,"name":"Home","item":"https:\/\/uaportail.fr\/photodemaidan\/"},{"@type":"ListItem","position":2,"name":"About"}]}]}},"_links":{"self":[{"href":"https:\/\/uaportail.fr\/photodemaidan\/wp-json\/wp\/v2\/pages\/153"}],"collection":[{"href":"https:\/\/uaportail.fr\/photodemaidan\/wp-json\/wp\/v2\/pages"}],"about":[{"href":"https:\/\/uaportail.fr\/photodemaidan\/wp-json\/wp\/v2\/types\/page"}],"author":[{"embeddable":true,"href":"https:\/\/uaportail.fr\/photodemaidan\/wp-json\/wp\/v2\/users\/1"}],"replies":[{"embeddable":true,"href":"https:\/\/uaportail.fr\/photodemaidan\/wp-json\/wp\/v2\/comments?post=153"}],"version-history":[{"count":0,"href":"https:\/\/uaportail.fr\/photodemaidan\/wp-json\/wp\/v2\/pages\/153\/revisions"}],"wp:attachment":[{"href":"https:\/\/uaportail.fr\/photodemaidan\/wp-json\/wp\/v2\/media?parent=153"}],"curies":[{"name":"wp","href":"https:\/\/api.w.org\/{rel}","templated":true}]}}

<p>Organisé en étroite collaboration par les associations <strong>SPUL</strong> (Société Photographique des Universités de Lille) et «<strong>Portail de l’Ukraine</strong>», aux côtés du <strong>Service des Relations Internationales de l’Université de Lille – Sciences et Technologies</strong>, l’événement s&#8217;articule autour de trois grands axes : <strong>montrer</strong> aux étudiants le mouvement citoyen de l’Ukraine du point de vue artistique et faire découvrir la place de l’expression artistique dans ce mouvement,<strong> expliquer</strong> les origines des événements de fin 2013 à début 2014 en Ukraine et<strong> engager une discussion</strong> sur la situation actuelle en Ukraine, sa place en Europe et la prise de conscience de l&#8217;individu au travers des évènements qui changent la société Ukrainienne.</p>
<h2>Maïdan : une place devenue symbole</h2>
<p><a href="http://uaportail.fr/photodemaidan/wp-content/uploads/sites/3/2014/10/conf_Ukraine.jpg"><img loading="lazy" class="alignleft wp-image-228 size-medium" src="http://uaportail.fr/photodemaidan/wp-content/uploads/sites/3/2014/10/conf_Ukraine-300x199.jpg" alt="Maidan_Ukraine" width="300" height="199" srcset="https://uaportail.fr/photodemaidan/wp-content/uploads/sites/3/2014/10/conf_Ukraine-300x199.jpg 300w, https://uaportail.fr/photodemaidan/wp-content/uploads/sites/3/2014/10/conf_Ukraine.jpg 960w" sizes="(max-width: 300px) 100vw, 300px" /></a>En novembre 2013, les étudiants protestent sur la place Maïdan, la place centrale de Kiev, Capitale de l’Ukraine. Quelques temps plus tard, ce sont des centaines de milliers de personnes qui s’y rassemblent pendant les 3 mois d’un hiver 2013 glacé, au nom des droits de l’homme et de la liberté, et malgré l’oppression et la violence.<br />
Aujourd’hui, l’histoire n’est pas terminée, et plus qu’un nom de place, Maïdan est devenu un nom propre, synonyme de revendication, d’indépendance et de liberté. Pour les Ukrainiens, c’est l’endroit qui a matérialisé le début de leur union, dans laquelle de simples citoyens ont trouvé la possibilité de faire connaître leur position et de la porter ensemble.<br />
L’exposition a pour unique objectif de montrer les évènements qui se sont déroulés sur Maïdan, sans arrière-pensée politique, à travers le visage des acteurs qui ont mené cette révolution, leur solidarité, et le soutien de la population de Kiev et des autres régions. Les photographes souhaitent faire ressentir l’atmosphère de solidarité, d’inspiration et de foi sans faille qui émanaient de Maïdan et surtout, ce sentiment d’avoir, entre ses mains, la possibilité de changer son futur et celui de son pays.<br />
Sur les photos, le public pourra apercevoir le visage d’étudiants, de personnes âgées, d’enfants, d’hommes et de femmes&#8230; De chefs d’entreprise, de professeurs, de paysans, de politiques, d’artistes… tous côte-à-côte et à égalité pour une même idée.<br />
Maïdan, ce sont aussi des Ukrainiens russophones et ukraïnophones au coude à coude sur les barricades&#8230; où certains y ont laissé leur vie. Leur courage est maintenant éternellement écrit sur la liste des «centurie du ciel» &#8211; une liste des 106 personnes tuées pour leurs idées à Maïdan entre décembre 2013 et février 2014.</p>

<p>Organisé en étroite collaboration par les associations SPUL (Société Photographique des Universités de Lille) et «Portail de l’Ukraine», aux côtés du Service des Relations Internationales de l’Université de Lille – Sciences et Technologies, l’événement s&#8217;articule autour de trois grands axes : montrer aux étudiants le mouvement citoyen de l’Ukraine du point de vue artistique et &hellip;</p>

<!-- This site is optimized with the Yoast SEO plugin v19.0 - https://yoast.com/wordpress/plugins/seo/ -->
<title>About - « Maidan • Ukraine • Europe »</title>
<meta name="robots" content="index, follow, max-snippet:-1, max-image-preview:large, max-video-preview:-1" />
<link rel="canonical" href="https://uaportail.fr/photodemaidan/about/" />
<meta property="og:locale" content="en_GB" />
<meta property="og:type" content="article" />
<meta property="og:title" content="About - « Maidan • Ukraine • Europe »" />
<meta property="og:description" content="Organisé en étroite collaboration par les associations SPUL (Société Photographique des Universités de Lille) et «Portail de l’Ukraine», aux côtés du Service des Relations Internationales de l’Université de Lille – Sciences et Technologies, l’événement s&#8217;articule autour de trois grands axes : montrer aux étudiants le mouvement citoyen de l’Ukraine du point de vue artistique et &hellip;" />
<meta property="og:url" content="https://uaportail.fr/photodemaidan/about/" />
<meta property="og:site_name" content="« Maidan • Ukraine • Europe »" />
<meta property="article:publisher" content="https://www.facebook.com/groups/uaLille/" />
<meta property="article:modified_time" content="2014-10-25T15:32:27+00:00" />
<meta property="og:image" content="http://uaportail.fr/photodemaidan/wp-content/uploads/sites/3/2014/10/conf_Ukraine-300x199.jpg" />
<meta name="twitter:label1" content="Estimated reading time" />
	<meta name="twitter:data1" content="2 minutes" />
<script type="application/ld+json" class="yoast-schema-graph">{"@context":"https://schema.org","@graph":[{"@type":"WebSite","@id":"https://uaportail.fr/photodemaidan/#website","url":"https://uaportail.fr/photodemaidan/","name":"« Maidan • Ukraine • Europe »","description":"Exposition • Projection • Conférence","potentialAction":[{"@type":"SearchAction","target":{"@type":"EntryPoint","urlTemplate":"https://uaportail.fr/photodemaidan/?s={search_term_string}"},"query-input":"required name=search_term_string"}],"inLanguage":"en-GB"},{"@type":"ImageObject","inLanguage":"en-GB","@id":"https://uaportail.fr/photodemaidan/about/#primaryimage","url":"http://uaportail.fr/photodemaidan/wp-content/uploads/sites/3/2014/10/conf_Ukraine-300x199.jpg","contentUrl":"http://uaportail.fr/photodemaidan/wp-content/uploads/sites/3/2014/10/conf_Ukraine-300x199.jpg"},{"@type":"WebPage","@id":"https://uaportail.fr/photodemaidan/about/#webpage","url":"https://uaportail.fr/photodemaidan/about/","name":"About - « Maidan • Ukraine • Europe »","isPartOf":{"@id":"https://uaportail.fr/photodemaidan/#website"},"primaryImageOfPage":{"@id":"https://uaportail.fr/photodemaidan/about/#primaryimage"},"datePublished":"2014-10-06T18:57:50+00:00","dateModified":"2014-10-25T15:32:27+00:00","breadcrumb":{"@id":"https://uaportail.fr/photodemaidan/about/#breadcrumb"},"inLanguage":"en-GB","potentialAction":[{"@type":"ReadAction","target":["https://uaportail.fr/photodemaidan/about/"]}]},{"@type":"BreadcrumbList","@id":"https://uaportail.fr/photodemaidan/about/#breadcrumb","itemListElement":[{"@type":"ListItem","position":1,"name":"Home","item":"https://uaportail.fr/photodemaidan/"},{"@type":"ListItem","position":2,"name":"About"}]}]}</script>
<!-- / Yoast SEO plugin. -->

Organisé en étroite collaboration par les associations SPUL (Société Photographique des Universités de Lille) et «Portail de l’Ukraine», aux côtés du Service des Relations Internationales de l’Université de Lille – Sciences et Technologies, l’événement s&#8217;articule autour de trois grands axes : montrer aux étudiants le mouvement citoyen de l’Ukraine du point de vue artistique et &hellip;

Exposition • Projection • Conférence
