{"version":"1.0","provider_name":"\u00ab Maidan \u2022 Ukraine \u2022 Europe \u00bb","provider_url":"https:\/\/uaportail.fr\/photodemaidan","author_name":"\u00ab Maidan \u2022 Ukraine \u2022 Europe \u00bb","author_url":"https:\/\/uaportail.fr\/photodemaidan","title":"Les volontaires - \u00ab Maidan \u2022 Ukraine \u2022 Europe \u00bb","type":"rich","width":600,"height":338,"html":"<blockquote class=\"wp-embedded-content\" data-secret=\"fVnvgvjFvJ\"><a href=\"https:\/\/uaportail.fr\/photodemaidan\/2014\/10\/les-volontaires\/\">Les volontaires<\/a><\/blockquote><iframe sandbox=\"allow-scripts\" security=\"restricted\" src=\"https:\/\/uaportail.fr\/photodemaidan\/2014\/10\/les-volontaires\/embed\/#?secret=fVnvgvjFvJ\" width=\"600\" height=\"338\" title=\"&#8220;Les volontaires&#8221; &#8212; \u00ab Maidan \u2022 Ukraine \u2022 Europe \u00bb\" data-secret=\"fVnvgvjFvJ\" frameborder=\"0\" marginwidth=\"0\" marginheight=\"0\" scrolling=\"no\" class=\"wp-embedded-content\"><\/iframe><script type=\"text\/javascript\">\n\/*! This file is auto-generated *\/\n!function(d,l){\"use strict\";var e=!1,o=!1;if(l.querySelector)if(d.addEventListener)e=!0;if(d.wp=d.wp||{},!d.wp.receiveEmbedMessage)if(d.wp.receiveEmbedMessage=function(e){var t=e.data;if(t)if(t.secret||t.message||t.value)if(!\/[^a-zA-Z0-9]\/.test(t.secret)){for(var r,a,i,s=l.querySelectorAll('iframe[data-secret=\"'+t.secret+'\"]'),n=l.querySelectorAll('blockquote[data-secret=\"'+t.secret+'\"]'),o=new RegExp(\"^https?:$\",\"i\"),c=0;c<n.length;c++)n[c].style.display=\"none\";for(c=0;c<s.length;c++)if(r=s[c],e.source===r.contentWindow){if(r.removeAttribute(\"style\"),\"height\"===t.message){if(1e3<(i=parseInt(t.value,10)))i=1e3;else if(~~i<200)i=200;r.height=i}if(\"link\"===t.message)if(a=l.createElement(\"a\"),i=l.createElement(\"a\"),a.href=r.getAttribute(\"src\"),i.href=t.value,o.test(i.protocol))if(i.host===a.host)if(l.activeElement===r)d.top.location.href=t.value}}},e)d.addEventListener(\"message\",d.wp.receiveEmbedMessage,!1),l.addEventListener(\"DOMContentLoaded\",t,!1),d.addEventListener(\"load\",t,!1);function t(){if(!o){o=!0;for(var e,t,r,a=-1!==navigator.appVersion.indexOf(\"MSIE 10\"),i=!!navigator.userAgent.match(\/Trident.*rv:11\\.\/),s=l.querySelectorAll(\"iframe.wp-embedded-content\"),n=0;n<s.length;n++){if(!(r=(t=s[n]).getAttribute(\"data-secret\")))r=Math.random().toString(36).substr(2,10),t.src+=\"#?secret=\"+r,t.setAttribute(\"data-secret\",r);if(a||i)(e=t.cloneNode(!0)).removeAttribute(\"security\"),t.parentNode.replaceChild(e,t);t.contentWindow.postMessage({message:\"ready\",secret:r},\"*\")}}}}(window,document);\n<\/script>\n","thumbnail_url":"https:\/\/uaportail.fr\/photodemaidan\/wp-content\/uploads\/sites\/3\/2014\/10\/10402442_574849129310749_3390222883287423768_n.jpg","thumbnail_width":638,"thumbnail_height":960,"description":"Tout le concept de l\u2019Euroma\u00efdan s\u2019est fond\u00e9 sur l\u2019aide volontaire des simples citoyens. Un nombre difficilement \u00e9valuable de b\u00e9n\u00e9voles travaillait jour et nuit dans divers endroits du Ma\u00efdan, pr\u00e9parait des repas, proposait aux activistes boissons chaudes et sandwiches, soignait les malades durant les grands froids ainsi que les bless\u00e9s et traumatis\u00e9s par les forces sp\u00e9ciales &hellip;"}

Tout le concept de l’Euromaïdan s’est fondé sur l’aide volontaire des simples citoyens. Un nombre difficilement évaluable de bénévoles travaillait jour et nuit dans divers endroits du Maïdan, préparait des repas, proposait aux activistes boissons chaudes et sandwiches, soignait les malades durant les grands froids ainsi que les blessés et traumatisés par les forces spéciales &hellip;
