{"version":"1.0","provider_name":"\u00ab Maidan \u2022 Ukraine \u2022 Europe \u00bb","provider_url":"https:\/\/uaportail.fr\/photodemaidan","author_name":"Lusy DOLIA","author_url":"https:\/\/uaportail.fr\/photodemaidan\/author\/lusy-dolia\/","title":"Le froid - \u00ab Maidan \u2022 Ukraine \u2022 Europe \u00bb","type":"rich","width":600,"height":338,"html":"<blockquote class=\"wp-embedded-content\" data-secret=\"JLEnXxSjD6\"><a href=\"https:\/\/uaportail.fr\/photodemaidan\/2014\/10\/le-froid\/\">Le froid<\/a><\/blockquote><iframe sandbox=\"allow-scripts\" security=\"restricted\" src=\"https:\/\/uaportail.fr\/photodemaidan\/2014\/10\/le-froid\/embed\/#?secret=JLEnXxSjD6\" width=\"600\" height=\"338\" title=\"&#8220;Le froid&#8221; &#8212; \u00ab Maidan \u2022 Ukraine \u2022 Europe \u00bb\" data-secret=\"JLEnXxSjD6\" frameborder=\"0\" marginwidth=\"0\" marginheight=\"0\" scrolling=\"no\" class=\"wp-embedded-content\"><\/iframe><script type=\"text\/javascript\">\n\/*! This file is auto-generated *\/\n!function(d,l){\"use strict\";var e=!1,o=!1;if(l.querySelector)if(d.addEventListener)e=!0;if(d.wp=d.wp||{},!d.wp.receiveEmbedMessage)if(d.wp.receiveEmbedMessage=function(e){var t=e.data;if(t)if(t.secret||t.message||t.value)if(!\/[^a-zA-Z0-9]\/.test(t.secret)){for(var r,a,i,s=l.querySelectorAll('iframe[data-secret=\"'+t.secret+'\"]'),n=l.querySelectorAll('blockquote[data-secret=\"'+t.secret+'\"]'),o=new RegExp(\"^https?:$\",\"i\"),c=0;c<n.length;c++)n[c].style.display=\"none\";for(c=0;c<s.length;c++)if(r=s[c],e.source===r.contentWindow){if(r.removeAttribute(\"style\"),\"height\"===t.message){if(1e3<(i=parseInt(t.value,10)))i=1e3;else if(~~i<200)i=200;r.height=i}if(\"link\"===t.message)if(a=l.createElement(\"a\"),i=l.createElement(\"a\"),a.href=r.getAttribute(\"src\"),i.href=t.value,o.test(i.protocol))if(i.host===a.host)if(l.activeElement===r)d.top.location.href=t.value}}},e)d.addEventListener(\"message\",d.wp.receiveEmbedMessage,!1),l.addEventListener(\"DOMContentLoaded\",t,!1),d.addEventListener(\"load\",t,!1);function t(){if(!o){o=!0;for(var e,t,r,a=-1!==navigator.appVersion.indexOf(\"MSIE 10\"),i=!!navigator.userAgent.match(\/Trident.*rv:11\\.\/),s=l.querySelectorAll(\"iframe.wp-embedded-content\"),n=0;n<s.length;n++){if(!(r=(t=s[n]).getAttribute(\"data-secret\")))r=Math.random().toString(36).substr(2,10),t.src+=\"#?secret=\"+r,t.setAttribute(\"data-secret\",r);if(a||i)(e=t.cloneNode(!0)).removeAttribute(\"security\"),t.parentNode.replaceChild(e,t);t.contentWindow.postMessage({message:\"ready\",secret:r},\"*\")}}}}(window,document);\n<\/script>\n","thumbnail_url":"https:\/\/uaportail.fr\/photodemaidan\/wp-content\/uploads\/sites\/3\/2014\/10\/1902984_574849192644076_2760702552944502151_n.jpg","thumbnail_width":960,"thumbnail_height":640,"description":"L\u2019hiver fut incroyablement rigoureux, tel qu\u2019habituellement en Ukraine. D\u00e9cembre ne fut pas encore tellement froid mais en janvier et f\u00e9vrier la temp\u00e9rature tomba \u00e0 \u2013 23 degr\u00e9s. Les gens v\u00e9curent plusieurs mois, sur le Ma\u00efdan, dans cette temp\u00e9rature ext\u00e9rieure glaciale car ils comprenaient parfaitement que s\u2019ils partaient et se rendaient, ils perdaient et ils perdaient &hellip;"}

L’hiver fut incroyablement rigoureux, tel qu’habituellement en Ukraine. Décembre ne fut pas encore tellement froid mais en janvier et février la température tomba à – 23 degrés. Les gens vécurent plusieurs mois, sur le Maïdan, dans cette température extérieure glaciale car ils comprenaient parfaitement que s’ils partaient et se rendaient, ils perdaient et ils perdaient &hellip;
