{"id":28,"date":"2015-10-17T20:56:41","date_gmt":"2015-10-17T19:56:41","guid":{"rendered":"http:\/\/uaportail.fr\/holodomor\/?page_id=28"},"modified":"2015-11-15T20:24:56","modified_gmt":"2015-11-15T20:24:56","slug":"concert-requiem","status":"publish","type":"page","link":"https:\/\/uaportail.fr\/holodomor\/concert-requiem\/","title":{"rendered":"Concert Requiem"},"content":{"rendered":"<p>La trag\u00e9die du Holodomor a touch\u00e9 presque toutes les familles en Ukraine. Apres des ann\u00e9es et des ann\u00e9es de silence les enfants et petits enfants des survivants\u00a0ont envie de rendre hommage \u00e0 toutes les victimes de cette trag\u00e9die humaine. Les musiciens b\u00e9n\u00e9voles ukrainiens et fran\u00e7ais ont compos\u00e9 pour vous un programm\u00e9 \u00a0riche et \u00a0digne de ce moment.<\/p>\n<div class=\"su-row\"><div class=\"su-column su-column-size-1-3\"><div class=\"su-column-inner su-u-clearfix su-u-trim\">\n<img loading=\"lazy\" src=\"https:\/\/fbcdn-sphotos-c-a.akamaihd.net\/hphotos-ak-xaf1\/t31.0-8\/12232713_10153731459017500_4155257788135710726_o.jpg\" width=\"1214\" height=\"2000\" class=\"alignnone\" \/><br \/>\n<\/div><\/div>\n<div class=\"su-column su-column-size-1-3\"><div class=\"su-column-inner su-u-clearfix su-u-trim\">\n<img loading=\"lazy\" src=\"https:\/\/scontent-frt3-1.xx.fbcdn.net\/hphotos-xft1\/t31.0-8\/12194575_10153731459682500_879330344979548304_o.jpg\" width=\"1333\" height=\"2000\" class=\"alignnone\" \/><br \/>\n<\/div><\/div>\n<div class=\"su-column su-column-size-1-3\"><div class=\"su-column-inner su-u-clearfix su-u-trim\">\n<img loading=\"lazy\" src=\"https:\/\/scontent-frt3-1.xx.fbcdn.net\/hphotos-xap1\/t31.0-8\/11224749_10153731462007500_8227246336696992843_o.jpg\" width=\"1333\" height=\"2000\" class=\"alignnone\" \/><br \/>\n<\/div><\/div>\n<\/div>\n<div class=\"su-row\"><div class=\"su-column su-column-size-1-2\"><div class=\"su-column-inner su-u-clearfix su-u-trim\">\n<img loading=\"lazy\" src=\"https:\/\/scontent-frt3-1.xx.fbcdn.net\/hphotos-xaf1\/t31.0-8\/12241071_10153731461632500_5574044996150864729_o.jpg\" width=\"2000\" height=\"1333\" class=\"alignnone\" \/><br \/>\n<\/div><\/div>\n<div class=\"su-column su-column-size-1-2\"><div class=\"su-column-inner su-u-clearfix su-u-trim\">\n<img loading=\"lazy\" src=\"https:\/\/scontent-frt3-1.xx.fbcdn.net\/hphotos-xpt1\/v\/t1.0-9\/s720x720\/12249651_10153731494267500_5539609520075990035_n.jpg?oh=6c731aa6746ae7092958ff048f1f60ac&#038;oe=56AFE829\" width=\"720\" height=\"479\" class=\"alignnone\" \/><br \/>\n<\/div><\/div>\n<\/div>\nAu programme:<\/p>\n<div class=\"su-row\"><div class=\"su-column su-column-size-1-6\"><div class=\"su-column-inner su-u-clearfix su-u-trim\"><img loading=\"lazy\" class=\"alignleft wp-image-51 \" src=\"http:\/\/uaportail.fr\/holodomor\/wp-content\/uploads\/sites\/9\/2015\/10\/Oleksandra-Turyanska-e1445684463653-272x300.jpg\" alt=\"Oleksandra Turyanska\" width=\"153\" height=\"169\" srcset=\"https:\/\/uaportail.fr\/holodomor\/wp-content\/uploads\/sites\/9\/2015\/10\/Oleksandra-Turyanska-e1445684463653-272x300.jpg 272w, https:\/\/uaportail.fr\/holodomor\/wp-content\/uploads\/sites\/9\/2015\/10\/Oleksandra-Turyanska-e1445684463653.jpg 691w\" sizes=\"(max-width: 153px) 100vw, 153px\" \/><\/div><\/div>\n<div class=\"su-column su-column-size-5-6\"><div class=\"su-column-inner su-u-clearfix su-u-trim\">\n<h5>Oleksandra TURYANSKA<\/h5>\n<p>(mezzo soprano)La chanteuse lyrique ukrainienne Oleksandra Turyanska poss\u00e8de une formation \u00e9clectique : musique, danse, Beaux-arts.<br \/>\nDipl\u00f4m\u00e9e de l&rsquo;Acad\u00e9mie sup\u00e9rieure de Musique de Lviv en chant lyrique et musicologie.<br \/>\nElle a r\u00e9alis\u00e9 l\u2019enregistrement d\u2019environ 5000 musiques traditionnelles de\u00a0l&rsquo;Ouest de l&rsquo;Ukraine.<br \/>\nImpliqu\u00e9e dans la d\u00e9fense de la musique contemporaine, sa voix puissante et cors\u00e9e la fait remarquer dans le milieu de la musique lyrique o\u00f9 elle remporte de nombreuses m\u00e9dailles.<br \/>\nSon r\u00e9pertoire privil\u00e9gi\u00e9 : Verdi, Wagner et le r\u00e9pertoire contemporain.<br \/>\nElle a \u00e9t\u00e9 impliqu\u00e9e dans de nombreux projets musicaux \u00e0 New York et en France.<br \/>\nActuellement elle continue sa collaboration avec S\u00e9cession Orchestra \u00e0 Paris.<\/div><\/div>\n<\/div>\n<div class=\"su-row\"><div class=\"su-column su-column-size-1-6\"><div class=\"su-column-inner su-u-clearfix su-u-trim\">\n<a href=\"http:\/\/uaportail.fr\/holodomor\/wp-content\/uploads\/sites\/9\/2015\/10\/jean-mari-leroy.jpg\"><img loading=\"lazy\" class=\"alignleft wp-image-80\" src=\"http:\/\/uaportail.fr\/holodomor\/wp-content\/uploads\/sites\/9\/2015\/10\/jean-mari-leroy-300x273.jpg\" alt=\"jean-mari leroy\" width=\"160\" height=\"146\" srcset=\"https:\/\/uaportail.fr\/holodomor\/wp-content\/uploads\/sites\/9\/2015\/10\/jean-mari-leroy-300x273.jpg 300w, https:\/\/uaportail.fr\/holodomor\/wp-content\/uploads\/sites\/9\/2015\/10\/jean-mari-leroy.jpg 517w\" sizes=\"(max-width: 160px) 100vw, 160px\" \/><\/a><br \/>\n<\/div><\/div>\n<div class=\"su-column su-column-size-5-6\"><div class=\"su-column-inner su-u-clearfix su-u-trim\">\n<h5>Jean-Marie LEROY<\/h5>\n<p>(orgue)<br \/>\n<a href=\"https:\/\/www.facebook.com\/Jean-Marie-LEROY-concert-organist-321893211324867\/\">Jean-Marie Leroy <\/a>est organiste, chef d&rsquo;orchestre , professeur de musique, participant de plusieurs festivals internationaux. Touch\u00e9 par les \u00e9v\u00e9nements r\u00e9cents en Ukraine,il a donn\u00e9 plusieurs concerts l\u00e0-bas et il a enregistr\u00e9\u00a0un disque pour aider aux soldats bless\u00e9s.<\/div><\/div>\n<\/div>\n<div class=\"su-row\"><div class=\"su-column su-column-size-1-6\"><div class=\"su-column-inner su-u-clearfix su-u-trim\">\n<img loading=\"lazy\" class=\"alignleft wp-image-58 \" src=\"http:\/\/uaportail.fr\/holodomor\/wp-content\/uploads\/sites\/9\/2015\/10\/BNesterenko-264x300.jpg\" alt=\"BNesterenko\" width=\"162\" height=\"184\" srcset=\"https:\/\/uaportail.fr\/holodomor\/wp-content\/uploads\/sites\/9\/2015\/10\/BNesterenko-264x300.jpg 264w, https:\/\/uaportail.fr\/holodomor\/wp-content\/uploads\/sites\/9\/2015\/10\/BNesterenko.jpg 501w\" sizes=\"(max-width: 162px) 100vw, 162px\" \/><br \/>\n<\/div><\/div>\n<div class=\"su-column su-column-size-5-6\"><div class=\"su-column-inner su-u-clearfix su-u-trim\">\n<h5>Bogdan Nesterenko<\/h5>\n<p>( accord\u00e9on )<br \/>\nApr\u00e8s 17 ann\u00e9es d\u2019\u00e9tudes au sein de la c\u00e9l\u00e8bre \u00e9cole sovi\u00e9tique d\u2019accord\u00e9on classique et Premier Prix du Conservatoire Sup\u00e9rieur de Musique de Kharkov (Ukraine), Bogdan Nesterenko est devenu soliste de la Philharmonie de Kharkov et a donn\u00e9 de nombreux concerts comme soliste et avec diff\u00e9rents groupes musicaux en Ukraine, en Russie, en France et en Allemagne.<br \/>\nIl est Laur\u00e9at de Concours Internationaux d\u2019accord\u00e9on en Pologne (\u00e0 Sanok en 2000), en Russie (\u00e0 Vladivostok en 2000) et titulaire du Grand Prix de Roubaix en 2007 et 2008. Bogdan Nesterenko est l\u2019un des rares accord\u00e9onistes en France \u00e0 interpr\u00e9ter des oeuvres de musique classique \u00e0 l\u2019accord\u00e9on\u00a0et \u00e0 se produire en soliste dans des r\u00e9citals.<br \/>\n<\/div><\/div>\n<\/div>\n<div class=\"su-row\"><div class=\"su-column su-column-size-1-6\"><div class=\"su-column-inner su-u-clearfix su-u-trim\">\n<img loading=\"lazy\" class=\"alignleft wp-image-57 \" src=\"http:\/\/uaportail.fr\/holodomor\/wp-content\/uploads\/sites\/9\/2015\/10\/bandura-197x300.jpg\" alt=\"bandura\" width=\"145\" height=\"221\" srcset=\"https:\/\/uaportail.fr\/holodomor\/wp-content\/uploads\/sites\/9\/2015\/10\/bandura-197x300.jpg 197w, https:\/\/uaportail.fr\/holodomor\/wp-content\/uploads\/sites\/9\/2015\/10\/bandura.jpg 425w\" sizes=\"(max-width: 145px) 100vw, 145px\" \/><br \/>\n<\/div><\/div>\n<div class=\"su-column su-column-size-5-6\"><div class=\"su-column-inner su-u-clearfix su-u-trim\">\n<h5>Anna BYSTRICHENKO<\/h5>\n<p>( bandura\/chant ukrainien )<br \/>\nAnna Bystrichenko a \u00e9tudi\u00e9 la musique et le chant au conservatoire de Kharkiv, en Ukraine. Laur\u00e9ate de diff\u00e9rents concours internationaux, elle pose sa\u00a0voix de Soprano sur les notes de sa Bandoura, la \u2018harpe\u2019 ukrainienne.<\/div><\/div>\n<\/div>\n","protected":false},"excerpt":{"rendered":"<p>La trag\u00e9die du Holodomor a touch\u00e9 presque toutes les familles en Ukraine. Apres des ann\u00e9es et des ann\u00e9es de silence les enfants et petits enfants des survivants\u00a0ont envie de rendre hommage \u00e0 toutes les victimes de cette trag\u00e9die humaine. Les musiciens b\u00e9n\u00e9voles ukrainiens et fran\u00e7ais ont compos\u00e9 pour vous un [&hellip;]<\/p>\n","protected":false},"author":1,"featured_media":0,"parent":0,"menu_order":0,"comment_status":"closed","ping_status":"closed","template":"","meta":[],"_links":{"self":[{"href":"https:\/\/uaportail.fr\/holodomor\/wp-json\/wp\/v2\/pages\/28"}],"collection":[{"href":"https:\/\/uaportail.fr\/holodomor\/wp-json\/wp\/v2\/pages"}],"about":[{"href":"https:\/\/uaportail.fr\/holodomor\/wp-json\/wp\/v2\/types\/page"}],"author":[{"embeddable":true,"href":"https:\/\/uaportail.fr\/holodomor\/wp-json\/wp\/v2\/users\/1"}],"replies":[{"embeddable":true,"href":"https:\/\/uaportail.fr\/holodomor\/wp-json\/wp\/v2\/comments?post=28"}],"version-history":[{"count":12,"href":"https:\/\/uaportail.fr\/holodomor\/wp-json\/wp\/v2\/pages\/28\/revisions"}],"predecessor-version":[{"id":137,"href":"https:\/\/uaportail.fr\/holodomor\/wp-json\/wp\/v2\/pages\/28\/revisions\/137"}],"wp:attachment":[{"href":"https:\/\/uaportail.fr\/holodomor\/wp-json\/wp\/v2\/media?parent=28"}],"curies":[{"name":"wp","href":"https:\/\/api.w.org\/{rel}","templated":true}]}}

<p>La tragédie du Holodomor a touché presque toutes les familles en Ukraine. Apres des années et des années de silence les enfants et petits enfants des survivants ont envie de rendre hommage à toutes les victimes de cette tragédie humaine. Les musiciens bénévoles ukrainiens et français ont composé pour vous un programmé  riche et  digne de ce moment.</p>
<div class="su-row"><div class="su-column su-column-size-1-3"><div class="su-column-inner su-u-clearfix su-u-trim">
<img loading="lazy" src="https://fbcdn-sphotos-c-a.akamaihd.net/hphotos-ak-xaf1/t31.0-8/12232713_10153731459017500_4155257788135710726_o.jpg" width="1214" height="2000" class="alignnone" /><br />
</div></div>
<div class="su-column su-column-size-1-3"><div class="su-column-inner su-u-clearfix su-u-trim">
<img loading="lazy" src="https://scontent-frt3-1.xx.fbcdn.net/hphotos-xft1/t31.0-8/12194575_10153731459682500_879330344979548304_o.jpg" width="1333" height="2000" class="alignnone" /><br />
</div></div>
<div class="su-column su-column-size-1-3"><div class="su-column-inner su-u-clearfix su-u-trim">
<img loading="lazy" src="https://scontent-frt3-1.xx.fbcdn.net/hphotos-xap1/t31.0-8/11224749_10153731462007500_8227246336696992843_o.jpg" width="1333" height="2000" class="alignnone" /><br />
</div></div>
</div>
<div class="su-row"><div class="su-column su-column-size-1-2"><div class="su-column-inner su-u-clearfix su-u-trim">
<img loading="lazy" src="https://scontent-frt3-1.xx.fbcdn.net/hphotos-xaf1/t31.0-8/12241071_10153731461632500_5574044996150864729_o.jpg" width="2000" height="1333" class="alignnone" /><br />
</div></div>
<div class="su-column su-column-size-1-2"><div class="su-column-inner su-u-clearfix su-u-trim">
<img loading="lazy" src="https://scontent-frt3-1.xx.fbcdn.net/hphotos-xpt1/v/t1.0-9/s720x720/12249651_10153731494267500_5539609520075990035_n.jpg?oh=6c731aa6746ae7092958ff048f1f60ac&#038;oe=56AFE829" width="720" height="479" class="alignnone" /><br />
</div></div>
</div>
Au programme:</p>
<div class="su-row"><div class="su-column su-column-size-1-6"><div class="su-column-inner su-u-clearfix su-u-trim"><img loading="lazy" class="alignleft wp-image-51 " src="http://uaportail.fr/holodomor/wp-content/uploads/sites/9/2015/10/Oleksandra-Turyanska-e1445684463653-272x300.jpg" alt="Oleksandra Turyanska" width="153" height="169" srcset="https://uaportail.fr/holodomor/wp-content/uploads/sites/9/2015/10/Oleksandra-Turyanska-e1445684463653-272x300.jpg 272w, https://uaportail.fr/holodomor/wp-content/uploads/sites/9/2015/10/Oleksandra-Turyanska-e1445684463653.jpg 691w" sizes="(max-width: 153px) 100vw, 153px" /></div></div>
<div class="su-column su-column-size-5-6"><div class="su-column-inner su-u-clearfix su-u-trim">
<h5>Oleksandra TURYANSKA</h5>
<p>(mezzo soprano)La chanteuse lyrique ukrainienne Oleksandra Turyanska possède une formation éclectique : musique, danse, Beaux-arts.<br />
Diplômée de l&rsquo;Académie supérieure de Musique de Lviv en chant lyrique et musicologie.<br />
Elle a réalisé l’enregistrement d’environ 5000 musiques traditionnelles de l&rsquo;Ouest de l&rsquo;Ukraine.<br />
Impliquée dans la défense de la musique contemporaine, sa voix puissante et corsée la fait remarquer dans le milieu de la musique lyrique où elle remporte de nombreuses médailles.<br />
Son répertoire privilégié : Verdi, Wagner et le répertoire contemporain.<br />
Elle a été impliquée dans de nombreux projets musicaux à New York et en France.<br />
Actuellement elle continue sa collaboration avec Sécession Orchestra à Paris.</div></div>
</div>
<div class="su-row"><div class="su-column su-column-size-1-6"><div class="su-column-inner su-u-clearfix su-u-trim">
<a href="http://uaportail.fr/holodomor/wp-content/uploads/sites/9/2015/10/jean-mari-leroy.jpg"><img loading="lazy" class="alignleft wp-image-80" src="http://uaportail.fr/holodomor/wp-content/uploads/sites/9/2015/10/jean-mari-leroy-300x273.jpg" alt="jean-mari leroy" width="160" height="146" srcset="https://uaportail.fr/holodomor/wp-content/uploads/sites/9/2015/10/jean-mari-leroy-300x273.jpg 300w, https://uaportail.fr/holodomor/wp-content/uploads/sites/9/2015/10/jean-mari-leroy.jpg 517w" sizes="(max-width: 160px) 100vw, 160px" /></a><br />
</div></div>
<div class="su-column su-column-size-5-6"><div class="su-column-inner su-u-clearfix su-u-trim">
<h5>Jean-Marie LEROY</h5>
<p>(orgue)<br />
<a href="https://www.facebook.com/Jean-Marie-LEROY-concert-organist-321893211324867/">Jean-Marie Leroy </a>est organiste, chef d&rsquo;orchestre , professeur de musique, participant de plusieurs festivals internationaux. Touché par les événements récents en Ukraine,il a donné plusieurs concerts là-bas et il a enregistré un disque pour aider aux soldats blessés.</div></div>
</div>
<div class="su-row"><div class="su-column su-column-size-1-6"><div class="su-column-inner su-u-clearfix su-u-trim">
<img loading="lazy" class="alignleft wp-image-58 " src="http://uaportail.fr/holodomor/wp-content/uploads/sites/9/2015/10/BNesterenko-264x300.jpg" alt="BNesterenko" width="162" height="184" srcset="https://uaportail.fr/holodomor/wp-content/uploads/sites/9/2015/10/BNesterenko-264x300.jpg 264w, https://uaportail.fr/holodomor/wp-content/uploads/sites/9/2015/10/BNesterenko.jpg 501w" sizes="(max-width: 162px) 100vw, 162px" /><br />
</div></div>
<div class="su-column su-column-size-5-6"><div class="su-column-inner su-u-clearfix su-u-trim">
<h5>Bogdan Nesterenko</h5>
<p>( accordéon )<br />
Après 17 années d’études au sein de la célèbre école soviétique d’accordéon classique et Premier Prix du Conservatoire Supérieur de Musique de Kharkov (Ukraine), Bogdan Nesterenko est devenu soliste de la Philharmonie de Kharkov et a donné de nombreux concerts comme soliste et avec différents groupes musicaux en Ukraine, en Russie, en France et en Allemagne.<br />
Il est Lauréat de Concours Internationaux d’accordéon en Pologne (à Sanok en 2000), en Russie (à Vladivostok en 2000) et titulaire du Grand Prix de Roubaix en 2007 et 2008. Bogdan Nesterenko est l’un des rares accordéonistes en France à interpréter des oeuvres de musique classique à l’accordéon et à se produire en soliste dans des récitals.<br />
</div></div>
</div>
<div class="su-row"><div class="su-column su-column-size-1-6"><div class="su-column-inner su-u-clearfix su-u-trim">
<img loading="lazy" class="alignleft wp-image-57 " src="http://uaportail.fr/holodomor/wp-content/uploads/sites/9/2015/10/bandura-197x300.jpg" alt="bandura" width="145" height="221" srcset="https://uaportail.fr/holodomor/wp-content/uploads/sites/9/2015/10/bandura-197x300.jpg 197w, https://uaportail.fr/holodomor/wp-content/uploads/sites/9/2015/10/bandura.jpg 425w" sizes="(max-width: 145px) 100vw, 145px" /><br />
</div></div>
<div class="su-column su-column-size-5-6"><div class="su-column-inner su-u-clearfix su-u-trim">
<h5>Anna BYSTRICHENKO</h5>
<p>( bandura/chant ukrainien )<br />
Anna Bystrichenko a étudié la musique et le chant au conservatoire de Kharkiv, en Ukraine. Lauréate de différents concours internationaux, elle pose sa voix de Soprano sur les notes de sa Bandoura, la ‘harpe’ ukrainienne.</div></div>
</div>

<p>La tragédie du Holodomor a touché presque toutes les familles en Ukraine. Apres des années et des années de silence les enfants et petits enfants des survivants ont envie de rendre hommage à toutes les victimes de cette tragédie humaine. Les musiciens bénévoles ukrainiens et français ont composé pour vous un [&hellip;]</p>
